{"id":2242,"date":"2021-10-25T11:40:43","date_gmt":"2021-10-25T14:40:43","guid":{"rendered":"https:\/\/wp.themedemo.org\/WCM07\/WCM070151\/?page_id=2242"},"modified":"2023-10-18T14:02:25","modified_gmt":"2023-10-18T17:02:25","slug":"o-manza","status":"publish","type":"page","link":"http:\/\/www.manzasushi.com.br\/sbc\/o-manza\/","title":{"rendered":"O Manza"},"content":{"rendered":"\t\t<div data-elementor-type=\"wp-page\" data-elementor-id=\"2242\" class=\"elementor elementor-2242\">\n\t\t\t\t\t\t\t\t\t<section class=\"elementor-section elementor-top-section elementor-element elementor-element-dff6650 elementor-section-stretched elementor-section-boxed elementor-section-height-default elementor-section-height-default\" data-id=\"dff6650\" data-element_type=\"section\" data-settings=\"{&quot;stretch_section&quot;:&quot;section-stretched&quot;}\">\n\t\t\t\t\t\t<div class=\"elementor-container elementor-column-gap-default\">\n\t\t\t\t\t<div class=\"elementor-column elementor-col-50 elementor-top-column elementor-element elementor-element-448ede9 about_img\" data-id=\"448ede9\" data-element_type=\"column\">\n\t\t\t<div class=\"elementor-widget-wrap elementor-element-populated\">\n\t\t\t\t\t\t\t\t<div class=\"elementor-element elementor-element-dd9eba4 elementor-widget elementor-widget-image\" data-id=\"dd9eba4\" data-element_type=\"widget\" data-widget_type=\"image.default\">\n\t\t\t\t<div class=\"elementor-widget-container\">\n\t\t\t<style>\/*! elementor - v3.13.3 - 28-05-2023 *\/\n.elementor-widget-image{text-align:center}.elementor-widget-image a{display:inline-block}.elementor-widget-image a img[src$=\".svg\"]{width:48px}.elementor-widget-image img{vertical-align:middle;display:inline-block}<\/style>\t\t\t\t\t\t\t\t\t\t\t\t<img loading=\"lazy\" decoding=\"async\" width=\"680\" height=\"454\" src=\"http:\/\/www.manzasushi.com.br\/sbc\/wp-content\/uploads\/2023\/06\/HRC6532-Editar.jpg\" class=\"attachment-full size-full wp-image-14671\" alt=\"\" srcset=\"http:\/\/www.manzasushi.com.br\/sbc\/wp-content\/uploads\/2023\/06\/HRC6532-Editar.jpg 680w, http:\/\/www.manzasushi.com.br\/sbc\/wp-content\/uploads\/2023\/06\/HRC6532-Editar-300x200.jpg 300w\" sizes=\"auto, (max-width: 680px) 100vw, 680px\" \/>\t\t\t\t\t\t\t\t\t\t\t\t\t\t\t<\/div>\n\t\t\t\t<\/div>\n\t\t\t\t<div class=\"elementor-element elementor-element-3b0975f elementor-widget elementor-widget-image\" data-id=\"3b0975f\" data-element_type=\"widget\" data-widget_type=\"image.default\">\n\t\t\t\t<div class=\"elementor-widget-container\">\n\t\t\t\t\t\t\t\t\t\t\t\t\t\t\t<img decoding=\"async\" src=\"http:\/\/www.manzasushi.com.br\/sbc\/wp-content\/uploads\/elementor\/thumbs\/manza-scs-fachada-qe1wm0yxilpyzlrxtu84wexltfz2zqsmtf441d6xyc.jpeg\" title=\"manza-scs-fachada\" alt=\"manza-scs-fachada\" loading=\"lazy\" \/>\t\t\t\t\t\t\t\t\t\t\t\t\t\t\t<\/div>\n\t\t\t\t<\/div>\n\t\t\t\t\t<\/div>\n\t\t<\/div>\n\t\t\t\t<div class=\"elementor-column elementor-col-50 elementor-top-column elementor-element elementor-element-64f02e3 about_text\" data-id=\"64f02e3\" data-element_type=\"column\">\n\t\t\t<div class=\"elementor-widget-wrap elementor-element-populated\">\n\t\t\t\t\t\t\t\t<div class=\"elementor-element elementor-element-2b9da12 elementor-widget elementor-widget-heading\" data-id=\"2b9da12\" data-element_type=\"widget\" data-widget_type=\"heading.default\">\n\t\t\t\t<div class=\"elementor-widget-container\">\n\t\t\t<style>\/*! elementor - v3.13.3 - 28-05-2023 *\/\n.elementor-heading-title{padding:0;margin:0;line-height:1}.elementor-widget-heading .elementor-heading-title[class*=elementor-size-]>a{color:inherit;font-size:inherit;line-height:inherit}.elementor-widget-heading .elementor-heading-title.elementor-size-small{font-size:15px}.elementor-widget-heading .elementor-heading-title.elementor-size-medium{font-size:19px}.elementor-widget-heading .elementor-heading-title.elementor-size-large{font-size:29px}.elementor-widget-heading .elementor-heading-title.elementor-size-xl{font-size:39px}.elementor-widget-heading .elementor-heading-title.elementor-size-xxl{font-size:59px}<\/style><h3 class=\"elementor-heading-title elementor-size-default\">MANZA SUSHI<\/h3>\t\t<\/div>\n\t\t\t\t<\/div>\n\t\t\t\t<div class=\"elementor-element elementor-element-de783f5 elementor-widget elementor-widget-heading\" data-id=\"de783f5\" data-element_type=\"widget\" data-widget_type=\"heading.default\">\n\t\t\t\t<div class=\"elementor-widget-container\">\n\t\t\t<h1 class=\"elementor-heading-title elementor-size-default\">Restaurante Oriental aconchegante, com decora\u00e7\u00e3o contempor\u00e2nea e culin\u00e1ria criativa.<\/h1>\t\t<\/div>\n\t\t\t\t<\/div>\n\t\t\t\t<div class=\"elementor-element elementor-element-2192849 elementor-widget elementor-widget-text-editor\" data-id=\"2192849\" data-element_type=\"widget\" data-widget_type=\"text-editor.default\">\n\t\t\t\t<div class=\"elementor-widget-container\">\n\t\t\t<style>\/*! elementor - v3.13.3 - 28-05-2023 *\/\n.elementor-widget-text-editor.elementor-drop-cap-view-stacked .elementor-drop-cap{background-color:#69727d;color:#fff}.elementor-widget-text-editor.elementor-drop-cap-view-framed .elementor-drop-cap{color:#69727d;border:3px solid;background-color:transparent}.elementor-widget-text-editor:not(.elementor-drop-cap-view-default) .elementor-drop-cap{margin-top:8px}.elementor-widget-text-editor:not(.elementor-drop-cap-view-default) .elementor-drop-cap-letter{width:1em;height:1em}.elementor-widget-text-editor .elementor-drop-cap{float:left;text-align:center;line-height:1;font-size:50px}.elementor-widget-text-editor .elementor-drop-cap-letter{display:inline-block}<\/style>\t\t\t\t<p>Em 2014 o Manza Sushi Bar abria suas portas pela primeira vez, na Rua Continental, 280 em S\u00e3o Bernardo do Campo, com um ambiente personalizado e todo pensado em detalhes; equipe treinada para proporcionar o melhor atendimento; e primor na escolha dos fornecedores de seus produtos e ingredientes de seus pratos. Logo se tornou refer\u00eancia, sendo considerado por muitos um dos melhores restaurantes da culin\u00e1ria oriental da cidade (fonte: TripAdvisor).<\/p><p>Com o aumento da popularidade e reconhecimento da excel\u00eancia dos pratos e servi\u00e7os oferecidos, foi atraindo cada vez mais clientes de outras cidades do ABC at\u00e9 que, em 2017, foi inaugurada a segunda unidade do Manza, dessa vez na Rua Martim Francisco, 135, em S\u00e3o Caetano do Sul.<\/p><p>O Manza tem capacidade para mais de 90 pessoas tanto em S\u00e3o Bernardo quanto em S\u00e3o Caetano e os pedidos s\u00e3o feitos atrav\u00e9s de tablets, o que agiliza o atendimento, evita desperd\u00edcios e garante que os pratos cheguem fresquinhos na mesa, diferentemente de um rod\u00edzio tradicional.<\/p>\t\t\t\t\t\t<\/div>\n\t\t\t\t<\/div>\n\t\t\t\t\t<\/div>\n\t\t<\/div>\n\t\t\t\t\t\t\t<\/div>\n\t\t<\/section>\n\t\t\t\t\t\t\t<\/div>\n\t\t","protected":false},"excerpt":{"rendered":"<p>MANZA SUSHI Restaurante Oriental aconchegante, com decora\u00e7\u00e3o contempor\u00e2nea e culin\u00e1ria criativa. Em 2014 o Manza Sushi Bar abria suas portas pela primeira vez, na Rua Continental, 280 em S\u00e3o Bernardo do Campo, com um ambiente personalizado e todo pensado em detalhes; equipe treinada para proporcionar o melhor atendimento; e primor na escolha dos fornecedores de&#8230;<\/p>\n","protected":false},"author":1,"featured_media":0,"parent":0,"menu_order":0,"comment_status":"closed","ping_status":"closed","template":"","meta":{"_tbt_post_transparent":"","_tbt_post_title":"","_tbt_post_layout":"","_tbt_post_sidebar_id":"","_tbt_post_content_style":"","_tbt_post_vertical_padding":"","_tbt_post_feature":"","_tbt_post_feature_position":"","_tbt_post_header":false,"_tbt_post_footer":false},"class_list":["post-2242","page","type-page","status-publish","hentry"],"yoast_head":"<!-- This site is optimized with the Yoast SEO plugin v20.9 - https:\/\/yoast.com\/wordpress\/plugins\/seo\/ -->\n<title>O Manza - Manza Sushi S\u00e3o Bernardo<\/title>\n<meta name=\"robots\" content=\"index, follow, max-snippet:-1, max-image-preview:large, max-video-preview:-1\" \/>\n<link rel=\"canonical\" href=\"https:\/\/www.manzasushi.com.br\/sbc\/o-manza\/\" \/>\n<meta property=\"og:locale\" content=\"pt_BR\" \/>\n<meta property=\"og:type\" content=\"article\" \/>\n<meta property=\"og:title\" content=\"O Manza - Manza Sushi S\u00e3o Bernardo\" \/>\n<meta property=\"og:description\" content=\"MANZA SUSHI Restaurante Oriental aconchegante, com decora\u00e7\u00e3o contempor\u00e2nea e culin\u00e1ria criativa. Em 2014 o Manza Sushi Bar abria suas portas pela primeira vez, na Rua Continental, 280 em S\u00e3o Bernardo do Campo, com um ambiente personalizado e todo pensado em detalhes; equipe treinada para proporcionar o melhor atendimento; e primor na escolha dos fornecedores de...\" \/>\n<meta property=\"og:url\" content=\"https:\/\/www.manzasushi.com.br\/sbc\/o-manza\/\" \/>\n<meta property=\"og:site_name\" content=\"Manza Sushi S\u00e3o Bernardo\" \/>\n<meta property=\"article:publisher\" content=\"https:\/\/www.facebook.com\/manzasushibar\" \/>\n<meta property=\"article:modified_time\" content=\"2023-10-18T17:02:25+00:00\" \/>\n<meta property=\"og:image\" content=\"http:\/\/www.manzasushi.com.br\/sbc\/wp-content\/uploads\/2023\/06\/HRC6532-Editar.jpg\" \/>\n<meta name=\"twitter:card\" content=\"summary_large_image\" \/>\n<meta name=\"twitter:label1\" content=\"Est. tempo de leitura\" \/>\n\t<meta name=\"twitter:data1\" content=\"2 minutos\" \/>\n<script type=\"application\/ld+json\" class=\"yoast-schema-graph\">{\"@context\":\"https:\/\/schema.org\",\"@graph\":[{\"@type\":\"WebPage\",\"@id\":\"https:\/\/www.manzasushi.com.br\/sbc\/o-manza\/\",\"url\":\"https:\/\/www.manzasushi.com.br\/sbc\/o-manza\/\",\"name\":\"O Manza - Manza Sushi S\u00e3o Bernardo\",\"isPartOf\":{\"@id\":\"http:\/\/www.manzasushi.com.br\/sbc\/#website\"},\"datePublished\":\"2021-10-25T14:40:43+00:00\",\"dateModified\":\"2023-10-18T17:02:25+00:00\",\"breadcrumb\":{\"@id\":\"https:\/\/www.manzasushi.com.br\/sbc\/o-manza\/#breadcrumb\"},\"inLanguage\":\"pt-BR\",\"potentialAction\":[{\"@type\":\"ReadAction\",\"target\":[\"https:\/\/www.manzasushi.com.br\/sbc\/o-manza\/\"]}]},{\"@type\":\"BreadcrumbList\",\"@id\":\"https:\/\/www.manzasushi.com.br\/sbc\/o-manza\/#breadcrumb\",\"itemListElement\":[{\"@type\":\"ListItem\",\"position\":1,\"name\":\"In\u00edcio\",\"item\":\"http:\/\/www.manzasushi.com.br\/sbc\/\"},{\"@type\":\"ListItem\",\"position\":2,\"name\":\"O Manza\"}]},{\"@type\":\"WebSite\",\"@id\":\"http:\/\/www.manzasushi.com.br\/sbc\/#website\",\"url\":\"http:\/\/www.manzasushi.com.br\/sbc\/\",\"name\":\"Manza Sushi S\u00e3o Bernardo\",\"description\":\"\",\"publisher\":{\"@id\":\"http:\/\/www.manzasushi.com.br\/sbc\/#organization\"},\"potentialAction\":[{\"@type\":\"SearchAction\",\"target\":{\"@type\":\"EntryPoint\",\"urlTemplate\":\"http:\/\/www.manzasushi.com.br\/sbc\/?s={search_term_string}\"},\"query-input\":\"required name=search_term_string\"}],\"inLanguage\":\"pt-BR\"},{\"@type\":\"Organization\",\"@id\":\"http:\/\/www.manzasushi.com.br\/sbc\/#organization\",\"name\":\"Manza Sushi\",\"url\":\"http:\/\/www.manzasushi.com.br\/sbc\/\",\"logo\":{\"@type\":\"ImageObject\",\"inLanguage\":\"pt-BR\",\"@id\":\"http:\/\/www.manzasushi.com.br\/sbc\/#\/schema\/logo\/image\/\",\"url\":\"http:\/\/www.manzasushi.com.br\/sbc\/wp-content\/uploads\/2023\/06\/Logo-Manza.png\",\"contentUrl\":\"http:\/\/www.manzasushi.com.br\/sbc\/wp-content\/uploads\/2023\/06\/Logo-Manza.png\",\"width\":2596,\"height\":654,\"caption\":\"Manza Sushi\"},\"image\":{\"@id\":\"http:\/\/www.manzasushi.com.br\/sbc\/#\/schema\/logo\/image\/\"},\"sameAs\":[\"https:\/\/www.facebook.com\/manzasushibar\",\"https:\/\/www.instagram.com\/manzasushibar\/\"]}]}<\/script>\n<!-- \/ Yoast SEO plugin. -->","yoast_head_json":{"title":"O Manza - Manza Sushi S\u00e3o Bernardo","robots":{"index":"index","follow":"follow","max-snippet":"max-snippet:-1","max-image-preview":"max-image-preview:large","max-video-preview":"max-video-preview:-1"},"canonical":"https:\/\/www.manzasushi.com.br\/sbc\/o-manza\/","og_locale":"pt_BR","og_type":"article","og_title":"O Manza - Manza Sushi S\u00e3o Bernardo","og_description":"MANZA SUSHI Restaurante Oriental aconchegante, com decora\u00e7\u00e3o contempor\u00e2nea e culin\u00e1ria criativa. Em 2014 o Manza Sushi Bar abria suas portas pela primeira vez, na Rua Continental, 280 em S\u00e3o Bernardo do Campo, com um ambiente personalizado e todo pensado em detalhes; equipe treinada para proporcionar o melhor atendimento; e primor na escolha dos fornecedores de...","og_url":"https:\/\/www.manzasushi.com.br\/sbc\/o-manza\/","og_site_name":"Manza Sushi S\u00e3o Bernardo","article_publisher":"https:\/\/www.facebook.com\/manzasushibar","article_modified_time":"2023-10-18T17:02:25+00:00","og_image":[{"url":"http:\/\/www.manzasushi.com.br\/sbc\/wp-content\/uploads\/2023\/06\/HRC6532-Editar.jpg"}],"twitter_card":"summary_large_image","twitter_misc":{"Est. tempo de leitura":"2 minutos"},"schema":{"@context":"https:\/\/schema.org","@graph":[{"@type":"WebPage","@id":"https:\/\/www.manzasushi.com.br\/sbc\/o-manza\/","url":"https:\/\/www.manzasushi.com.br\/sbc\/o-manza\/","name":"O Manza - Manza Sushi S\u00e3o Bernardo","isPartOf":{"@id":"http:\/\/www.manzasushi.com.br\/sbc\/#website"},"datePublished":"2021-10-25T14:40:43+00:00","dateModified":"2023-10-18T17:02:25+00:00","breadcrumb":{"@id":"https:\/\/www.manzasushi.com.br\/sbc\/o-manza\/#breadcrumb"},"inLanguage":"pt-BR","potentialAction":[{"@type":"ReadAction","target":["https:\/\/www.manzasushi.com.br\/sbc\/o-manza\/"]}]},{"@type":"BreadcrumbList","@id":"https:\/\/www.manzasushi.com.br\/sbc\/o-manza\/#breadcrumb","itemListElement":[{"@type":"ListItem","position":1,"name":"In\u00edcio","item":"http:\/\/www.manzasushi.com.br\/sbc\/"},{"@type":"ListItem","position":2,"name":"O Manza"}]},{"@type":"WebSite","@id":"http:\/\/www.manzasushi.com.br\/sbc\/#website","url":"http:\/\/www.manzasushi.com.br\/sbc\/","name":"Manza Sushi S\u00e3o Bernardo","description":"","publisher":{"@id":"http:\/\/www.manzasushi.com.br\/sbc\/#organization"},"potentialAction":[{"@type":"SearchAction","target":{"@type":"EntryPoint","urlTemplate":"http:\/\/www.manzasushi.com.br\/sbc\/?s={search_term_string}"},"query-input":"required name=search_term_string"}],"inLanguage":"pt-BR"},{"@type":"Organization","@id":"http:\/\/www.manzasushi.com.br\/sbc\/#organization","name":"Manza Sushi","url":"http:\/\/www.manzasushi.com.br\/sbc\/","logo":{"@type":"ImageObject","inLanguage":"pt-BR","@id":"http:\/\/www.manzasushi.com.br\/sbc\/#\/schema\/logo\/image\/","url":"http:\/\/www.manzasushi.com.br\/sbc\/wp-content\/uploads\/2023\/06\/Logo-Manza.png","contentUrl":"http:\/\/www.manzasushi.com.br\/sbc\/wp-content\/uploads\/2023\/06\/Logo-Manza.png","width":2596,"height":654,"caption":"Manza Sushi"},"image":{"@id":"http:\/\/www.manzasushi.com.br\/sbc\/#\/schema\/logo\/image\/"},"sameAs":["https:\/\/www.facebook.com\/manzasushibar","https:\/\/www.instagram.com\/manzasushibar\/"]}]}},"_links":{"self":[{"href":"http:\/\/www.manzasushi.com.br\/sbc\/wp-json\/wp\/v2\/pages\/2242","targetHints":{"allow":["GET"]}}],"collection":[{"href":"http:\/\/www.manzasushi.com.br\/sbc\/wp-json\/wp\/v2\/pages"}],"about":[{"href":"http:\/\/www.manzasushi.com.br\/sbc\/wp-json\/wp\/v2\/types\/page"}],"author":[{"embeddable":true,"href":"http:\/\/www.manzasushi.com.br\/sbc\/wp-json\/wp\/v2\/users\/1"}],"replies":[{"embeddable":true,"href":"http:\/\/www.manzasushi.com.br\/sbc\/wp-json\/wp\/v2\/comments?post=2242"}],"version-history":[{"count":46,"href":"http:\/\/www.manzasushi.com.br\/sbc\/wp-json\/wp\/v2\/pages\/2242\/revisions"}],"predecessor-version":[{"id":15264,"href":"http:\/\/www.manzasushi.com.br\/sbc\/wp-json\/wp\/v2\/pages\/2242\/revisions\/15264"}],"wp:attachment":[{"href":"http:\/\/www.manzasushi.com.br\/sbc\/wp-json\/wp\/v2\/media?parent=2242"}],"curies":[{"name":"wp","href":"https:\/\/api.w.org\/{rel}","templated":true}]}}