{"id":14178,"date":"2022-08-03T06:39:33","date_gmt":"2022-08-03T09:39:33","guid":{"rendered":"https:\/\/wp.themedemo.org\/WP02\/WP029\/?page_id=14178"},"modified":"2023-07-27T22:28:43","modified_gmt":"2023-07-28T01:28:43","slug":"promocoes","status":"publish","type":"page","link":"http:\/\/www.manzasushi.com.br\/sbc\/promocoes\/","title":{"rendered":"Promo\u00e7\u00f5es"},"content":{"rendered":"\t\t<div data-elementor-type=\"wp-page\" data-elementor-id=\"14178\" class=\"elementor elementor-14178\">\n\t\t\t\t\t\t\t\t\t<div class=\"elementor-section elementor-top-section elementor-element elementor-element-d025e1c elementor-section-boxed elementor-section-height-default elementor-section-height-default\" data-id=\"d025e1c\" data-element_type=\"section\">\n\t\t\t\t\t\t<div class=\"elementor-container elementor-column-gap-default\">\n\t\t\t\t\t<div class=\"elementor-column elementor-col-50 elementor-top-column elementor-element elementor-element-46d8aa2 tab-main-ser\" data-id=\"46d8aa2\" data-element_type=\"column\" data-settings=\"{&quot;background_background&quot;:&quot;classic&quot;}\">\n\t\t\t<div class=\"elementor-widget-wrap elementor-element-populated\">\n\t\t\t\t\t\t\t\t<div class=\"elementor-element elementor-element-3cec5c1 elementor-widget elementor-widget-image\" data-id=\"3cec5c1\" data-element_type=\"widget\" data-widget_type=\"image.default\">\n\t\t\t\t<div class=\"elementor-widget-container\">\n\t\t\t<style>\/*! elementor - v3.13.3 - 28-05-2023 *\/\n.elementor-widget-image{text-align:center}.elementor-widget-image a{display:inline-block}.elementor-widget-image a img[src$=\".svg\"]{width:48px}.elementor-widget-image img{vertical-align:middle;display:inline-block}<\/style>\t\t\t\t\t\t\t\t\t\t\t\t<img decoding=\"async\" src=\"http:\/\/www.manzasushi.com.br\/sbc\/wp-content\/uploads\/elementor\/thumbs\/icon_terca_mulheres-q8z9o1xhuj2ap4tsnzqp5fs9iyj6eco95n0sspi9wu.gif\" title=\"icon_ter\u00e7a_mulheres\" alt=\"icon_ter\u00e7a_mulheres\" loading=\"lazy\" \/>\t\t\t\t\t\t\t\t\t\t\t\t\t\t\t<\/div>\n\t\t\t\t<\/div>\n\t\t\t\t<div class=\"elementor-element elementor-element-7b4f282 elementor-widget elementor-widget-heading\" data-id=\"7b4f282\" data-element_type=\"widget\" data-widget_type=\"heading.default\">\n\t\t\t\t<div class=\"elementor-widget-container\">\n\t\t\t<style>\/*! elementor - v3.13.3 - 28-05-2023 *\/\n.elementor-heading-title{padding:0;margin:0;line-height:1}.elementor-widget-heading .elementor-heading-title[class*=elementor-size-]>a{color:inherit;font-size:inherit;line-height:inherit}.elementor-widget-heading .elementor-heading-title.elementor-size-small{font-size:15px}.elementor-widget-heading .elementor-heading-title.elementor-size-medium{font-size:19px}.elementor-widget-heading .elementor-heading-title.elementor-size-large{font-size:29px}.elementor-widget-heading .elementor-heading-title.elementor-size-xl{font-size:39px}.elementor-widget-heading .elementor-heading-title.elementor-size-xxl{font-size:59px}<\/style><h3 class=\"elementor-heading-title elementor-size-large\">Ter\u00e7a das Mulheres<\/h3>\t\t<\/div>\n\t\t\t\t<\/div>\n\t\t\t\t<div class=\"elementor-element elementor-element-13a1dec elementor-widget elementor-widget-text-editor\" data-id=\"13a1dec\" data-element_type=\"widget\" data-widget_type=\"text-editor.default\">\n\t\t\t\t<div class=\"elementor-widget-container\">\n\t\t\t<style>\/*! elementor - v3.13.3 - 28-05-2023 *\/\n.elementor-widget-text-editor.elementor-drop-cap-view-stacked .elementor-drop-cap{background-color:#69727d;color:#fff}.elementor-widget-text-editor.elementor-drop-cap-view-framed .elementor-drop-cap{color:#69727d;border:3px solid;background-color:transparent}.elementor-widget-text-editor:not(.elementor-drop-cap-view-default) .elementor-drop-cap{margin-top:8px}.elementor-widget-text-editor:not(.elementor-drop-cap-view-default) .elementor-drop-cap-letter{width:1em;height:1em}.elementor-widget-text-editor .elementor-drop-cap{float:left;text-align:center;line-height:1;font-size:50px}.elementor-widget-text-editor .elementor-drop-cap-letter{display:inline-block}<\/style>\t\t\t\t<p>Toda ter\u00e7a-feira temos um desconto R$20 na conta para as mulheres.<\/p><p>Promo\u00e7\u00e3o n\u00e3o cumulativa com outras promo\u00e7\u00f5es recorrentes da casa.<br \/>V\u00e1lido no almo\u00e7o e jantar.<\/p>\t\t\t\t\t\t<\/div>\n\t\t\t\t<\/div>\n\t\t\t\t\t<\/div>\n\t\t<\/div>\n\t\t\t\t<div class=\"elementor-column elementor-col-50 elementor-top-column elementor-element elementor-element-c46f63a tab-main-ser\" data-id=\"c46f63a\" data-element_type=\"column\" data-settings=\"{&quot;background_background&quot;:&quot;classic&quot;}\">\n\t\t\t<div class=\"elementor-widget-wrap elementor-element-populated\">\n\t\t\t\t\t\t\t\t<div class=\"elementor-element elementor-element-6d308ac elementor-widget elementor-widget-image\" data-id=\"6d308ac\" data-element_type=\"widget\" data-widget_type=\"image.default\">\n\t\t\t\t<div class=\"elementor-widget-container\">\n\t\t\t\t\t\t\t\t\t\t\t\t\t\t\t<img decoding=\"async\" src=\"http:\/\/www.manzasushi.com.br\/sbc\/wp-content\/uploads\/elementor\/thumbs\/icon_aniversariantes-q8z9ngb7hc8pa3p768ea238nv3hqhbafeo0mrcebvy.gif\" title=\"icon_aniversariantes\" alt=\"icon_aniversariantes\" loading=\"lazy\" \/>\t\t\t\t\t\t\t\t\t\t\t\t\t\t\t<\/div>\n\t\t\t\t<\/div>\n\t\t\t\t<div class=\"elementor-element elementor-element-69629b0 elementor-widget elementor-widget-heading\" data-id=\"69629b0\" data-element_type=\"widget\" data-widget_type=\"heading.default\">\n\t\t\t\t<div class=\"elementor-widget-container\">\n\t\t\t<h3 class=\"elementor-heading-title elementor-size-large\">ANIVERSARIANTES<\/h3>\t\t<\/div>\n\t\t\t\t<\/div>\n\t\t\t\t<div class=\"elementor-element elementor-element-7cad9e7 elementor-widget elementor-widget-text-editor\" data-id=\"7cad9e7\" data-element_type=\"widget\" data-widget_type=\"text-editor.default\">\n\t\t\t\t<div class=\"elementor-widget-container\">\n\t\t\t\t\t\t\t<p>Durante todo o m\u00eas do seu anivers\u00e1rio,\u00a0seu rod\u00edzio tem um desconto de R$15 (quinze reais) na conta.<\/p><p>Promo\u00e7\u00e3o v\u00e1lida somente para aniversariantes acima de 10 anos n\u00e3o cumulativa com outras promo\u00e7\u00f5es recorrentes da casa.<\/p>\t\t\t\t\t\t<\/div>\n\t\t\t\t<\/div>\n\t\t\t\t\t<\/div>\n\t\t<\/div>\n\t\t\t\t\t\t\t<\/div>\n\t\t<\/div>\n\t\t\t\t<section class=\"elementor-section elementor-top-section elementor-element elementor-element-cebed6f elementor-section-boxed elementor-section-height-default elementor-section-height-default\" data-id=\"cebed6f\" data-element_type=\"section\">\n\t\t\t\t\t\t<div class=\"elementor-container elementor-column-gap-default\">\n\t\t\t\t\t<div class=\"elementor-column elementor-col-100 elementor-top-column elementor-element elementor-element-2706d2b\" data-id=\"2706d2b\" data-element_type=\"column\">\n\t\t\t<div class=\"elementor-widget-wrap elementor-element-populated\">\n\t\t\t\t\t\t\t\t<div class=\"elementor-element elementor-element-babc53c elementor-widget elementor-widget-spacer\" data-id=\"babc53c\" data-element_type=\"widget\" data-widget_type=\"spacer.default\">\n\t\t\t\t<div class=\"elementor-widget-container\">\n\t\t\t<style>\/*! elementor - v3.13.3 - 28-05-2023 *\/\n.elementor-column .elementor-spacer-inner{height:var(--spacer-size)}.e-con{--container-widget-width:100%}.e-con-inner>.elementor-widget-spacer,.e-con>.elementor-widget-spacer{width:var(--container-widget-width,var(--spacer-size));--align-self:var(--container-widget-align-self,initial);--flex-shrink:0}.e-con-inner>.elementor-widget-spacer>.elementor-widget-container,.e-con-inner>.elementor-widget-spacer>.elementor-widget-container>.elementor-spacer,.e-con>.elementor-widget-spacer>.elementor-widget-container,.e-con>.elementor-widget-spacer>.elementor-widget-container>.elementor-spacer{height:100%}.e-con-inner>.elementor-widget-spacer>.elementor-widget-container>.elementor-spacer>.elementor-spacer-inner,.e-con>.elementor-widget-spacer>.elementor-widget-container>.elementor-spacer>.elementor-spacer-inner{height:var(--container-widget-height,var(--spacer-size))}<\/style>\t\t<div class=\"elementor-spacer\">\n\t\t\t<div class=\"elementor-spacer-inner\"><\/div>\n\t\t<\/div>\n\t\t\t\t<\/div>\n\t\t\t\t<\/div>\n\t\t\t\t\t<\/div>\n\t\t<\/div>\n\t\t\t\t\t\t\t<\/div>\n\t\t<\/section>\n\t\t\t\t\t\t\t<\/div>\n\t\t","protected":false},"excerpt":{"rendered":"<p>Ter\u00e7a das Mulheres Toda ter\u00e7a-feira temos um desconto R$20 na conta para as mulheres. Promo\u00e7\u00e3o n\u00e3o cumulativa com outras promo\u00e7\u00f5es recorrentes da casa.V\u00e1lido no almo\u00e7o e jantar. ANIVERSARIANTES Durante todo o m\u00eas do seu anivers\u00e1rio,\u00a0seu rod\u00edzio tem um desconto de R$15 (quinze reais) na conta. Promo\u00e7\u00e3o v\u00e1lida somente para aniversariantes acima de 10 anos n\u00e3o&#8230;<\/p>\n","protected":false},"author":1,"featured_media":0,"parent":0,"menu_order":0,"comment_status":"closed","ping_status":"closed","template":"","meta":{"_tbt_post_transparent":"","_tbt_post_title":"default","_tbt_post_layout":"normal","_tbt_post_sidebar_id":"","_tbt_post_content_style":"unboxed","_tbt_post_vertical_padding":"hide","_tbt_post_feature":"hide","_tbt_post_feature_position":"","_tbt_post_header":false,"_tbt_post_footer":false},"class_list":["post-14178","page","type-page","status-publish","hentry"],"yoast_head":"<!-- This site is optimized with the Yoast SEO plugin v20.9 - https:\/\/yoast.com\/wordpress\/plugins\/seo\/ -->\n<title>Promo\u00e7\u00f5es - Manza Sushi S\u00e3o Bernardo<\/title>\n<meta name=\"robots\" content=\"index, follow, max-snippet:-1, max-image-preview:large, max-video-preview:-1\" \/>\n<link rel=\"canonical\" href=\"http:\/\/www.manzasushi.com.br\/sbc\/promocoes\/\" \/>\n<meta property=\"og:locale\" content=\"pt_BR\" \/>\n<meta property=\"og:type\" content=\"article\" \/>\n<meta property=\"og:title\" content=\"Promo\u00e7\u00f5es - Manza Sushi S\u00e3o Bernardo\" \/>\n<meta property=\"og:description\" content=\"Ter\u00e7a das Mulheres Toda ter\u00e7a-feira temos um desconto R$20 na conta para as mulheres. Promo\u00e7\u00e3o n\u00e3o cumulativa com outras promo\u00e7\u00f5es recorrentes da casa.V\u00e1lido no almo\u00e7o e jantar. ANIVERSARIANTES Durante todo o m\u00eas do seu anivers\u00e1rio,\u00a0seu rod\u00edzio tem um desconto de R$15 (quinze reais) na conta. Promo\u00e7\u00e3o v\u00e1lida somente para aniversariantes acima de 10 anos n\u00e3o...\" \/>\n<meta property=\"og:url\" content=\"http:\/\/www.manzasushi.com.br\/sbc\/promocoes\/\" \/>\n<meta property=\"og:site_name\" content=\"Manza Sushi S\u00e3o Bernardo\" \/>\n<meta property=\"article:publisher\" content=\"https:\/\/www.facebook.com\/manzasushibar\" \/>\n<meta property=\"article:modified_time\" content=\"2023-07-28T01:28:43+00:00\" \/>\n<meta property=\"og:image\" content=\"http:\/\/www.manzasushi.com.br\/sbc\/wp-content\/uploads\/elementor\/thumbs\/icon_terca_mulheres-q8z9o1xhuj2ap4tsnzqp5fs9iyj6eco95n0sspi9wu.gif\" \/>\n<meta name=\"twitter:card\" content=\"summary_large_image\" \/>\n<meta name=\"twitter:label1\" content=\"Est. tempo de leitura\" \/>\n\t<meta name=\"twitter:data1\" content=\"1 minuto\" \/>\n<script type=\"application\/ld+json\" class=\"yoast-schema-graph\">{\"@context\":\"https:\/\/schema.org\",\"@graph\":[{\"@type\":\"WebPage\",\"@id\":\"http:\/\/www.manzasushi.com.br\/sbc\/promocoes\/\",\"url\":\"http:\/\/www.manzasushi.com.br\/sbc\/promocoes\/\",\"name\":\"Promo\u00e7\u00f5es - Manza Sushi S\u00e3o Bernardo\",\"isPartOf\":{\"@id\":\"http:\/\/www.manzasushi.com.br\/sbc\/#website\"},\"datePublished\":\"2022-08-03T09:39:33+00:00\",\"dateModified\":\"2023-07-28T01:28:43+00:00\",\"breadcrumb\":{\"@id\":\"http:\/\/www.manzasushi.com.br\/sbc\/promocoes\/#breadcrumb\"},\"inLanguage\":\"pt-BR\",\"potentialAction\":[{\"@type\":\"ReadAction\",\"target\":[\"http:\/\/www.manzasushi.com.br\/sbc\/promocoes\/\"]}]},{\"@type\":\"BreadcrumbList\",\"@id\":\"http:\/\/www.manzasushi.com.br\/sbc\/promocoes\/#breadcrumb\",\"itemListElement\":[{\"@type\":\"ListItem\",\"position\":1,\"name\":\"In\u00edcio\",\"item\":\"http:\/\/www.manzasushi.com.br\/sbc\/\"},{\"@type\":\"ListItem\",\"position\":2,\"name\":\"Promo\u00e7\u00f5es\"}]},{\"@type\":\"WebSite\",\"@id\":\"http:\/\/www.manzasushi.com.br\/sbc\/#website\",\"url\":\"http:\/\/www.manzasushi.com.br\/sbc\/\",\"name\":\"Manza Sushi S\u00e3o Bernardo\",\"description\":\"\",\"publisher\":{\"@id\":\"http:\/\/www.manzasushi.com.br\/sbc\/#organization\"},\"potentialAction\":[{\"@type\":\"SearchAction\",\"target\":{\"@type\":\"EntryPoint\",\"urlTemplate\":\"http:\/\/www.manzasushi.com.br\/sbc\/?s={search_term_string}\"},\"query-input\":\"required name=search_term_string\"}],\"inLanguage\":\"pt-BR\"},{\"@type\":\"Organization\",\"@id\":\"http:\/\/www.manzasushi.com.br\/sbc\/#organization\",\"name\":\"Manza Sushi\",\"url\":\"http:\/\/www.manzasushi.com.br\/sbc\/\",\"logo\":{\"@type\":\"ImageObject\",\"inLanguage\":\"pt-BR\",\"@id\":\"http:\/\/www.manzasushi.com.br\/sbc\/#\/schema\/logo\/image\/\",\"url\":\"http:\/\/www.manzasushi.com.br\/sbc\/wp-content\/uploads\/2023\/06\/Logo-Manza.png\",\"contentUrl\":\"http:\/\/www.manzasushi.com.br\/sbc\/wp-content\/uploads\/2023\/06\/Logo-Manza.png\",\"width\":2596,\"height\":654,\"caption\":\"Manza Sushi\"},\"image\":{\"@id\":\"http:\/\/www.manzasushi.com.br\/sbc\/#\/schema\/logo\/image\/\"},\"sameAs\":[\"https:\/\/www.facebook.com\/manzasushibar\",\"https:\/\/www.instagram.com\/manzasushibar\/\"]}]}<\/script>\n<!-- \/ Yoast SEO plugin. -->","yoast_head_json":{"title":"Promo\u00e7\u00f5es - Manza Sushi S\u00e3o Bernardo","robots":{"index":"index","follow":"follow","max-snippet":"max-snippet:-1","max-image-preview":"max-image-preview:large","max-video-preview":"max-video-preview:-1"},"canonical":"http:\/\/www.manzasushi.com.br\/sbc\/promocoes\/","og_locale":"pt_BR","og_type":"article","og_title":"Promo\u00e7\u00f5es - Manza Sushi S\u00e3o Bernardo","og_description":"Ter\u00e7a das Mulheres Toda ter\u00e7a-feira temos um desconto R$20 na conta para as mulheres. Promo\u00e7\u00e3o n\u00e3o cumulativa com outras promo\u00e7\u00f5es recorrentes da casa.V\u00e1lido no almo\u00e7o e jantar. ANIVERSARIANTES Durante todo o m\u00eas do seu anivers\u00e1rio,\u00a0seu rod\u00edzio tem um desconto de R$15 (quinze reais) na conta. Promo\u00e7\u00e3o v\u00e1lida somente para aniversariantes acima de 10 anos n\u00e3o...","og_url":"http:\/\/www.manzasushi.com.br\/sbc\/promocoes\/","og_site_name":"Manza Sushi S\u00e3o Bernardo","article_publisher":"https:\/\/www.facebook.com\/manzasushibar","article_modified_time":"2023-07-28T01:28:43+00:00","og_image":[{"url":"http:\/\/www.manzasushi.com.br\/sbc\/wp-content\/uploads\/elementor\/thumbs\/icon_terca_mulheres-q8z9o1xhuj2ap4tsnzqp5fs9iyj6eco95n0sspi9wu.gif"}],"twitter_card":"summary_large_image","twitter_misc":{"Est. tempo de leitura":"1 minuto"},"schema":{"@context":"https:\/\/schema.org","@graph":[{"@type":"WebPage","@id":"http:\/\/www.manzasushi.com.br\/sbc\/promocoes\/","url":"http:\/\/www.manzasushi.com.br\/sbc\/promocoes\/","name":"Promo\u00e7\u00f5es - Manza Sushi S\u00e3o Bernardo","isPartOf":{"@id":"http:\/\/www.manzasushi.com.br\/sbc\/#website"},"datePublished":"2022-08-03T09:39:33+00:00","dateModified":"2023-07-28T01:28:43+00:00","breadcrumb":{"@id":"http:\/\/www.manzasushi.com.br\/sbc\/promocoes\/#breadcrumb"},"inLanguage":"pt-BR","potentialAction":[{"@type":"ReadAction","target":["http:\/\/www.manzasushi.com.br\/sbc\/promocoes\/"]}]},{"@type":"BreadcrumbList","@id":"http:\/\/www.manzasushi.com.br\/sbc\/promocoes\/#breadcrumb","itemListElement":[{"@type":"ListItem","position":1,"name":"In\u00edcio","item":"http:\/\/www.manzasushi.com.br\/sbc\/"},{"@type":"ListItem","position":2,"name":"Promo\u00e7\u00f5es"}]},{"@type":"WebSite","@id":"http:\/\/www.manzasushi.com.br\/sbc\/#website","url":"http:\/\/www.manzasushi.com.br\/sbc\/","name":"Manza Sushi S\u00e3o Bernardo","description":"","publisher":{"@id":"http:\/\/www.manzasushi.com.br\/sbc\/#organization"},"potentialAction":[{"@type":"SearchAction","target":{"@type":"EntryPoint","urlTemplate":"http:\/\/www.manzasushi.com.br\/sbc\/?s={search_term_string}"},"query-input":"required name=search_term_string"}],"inLanguage":"pt-BR"},{"@type":"Organization","@id":"http:\/\/www.manzasushi.com.br\/sbc\/#organization","name":"Manza Sushi","url":"http:\/\/www.manzasushi.com.br\/sbc\/","logo":{"@type":"ImageObject","inLanguage":"pt-BR","@id":"http:\/\/www.manzasushi.com.br\/sbc\/#\/schema\/logo\/image\/","url":"http:\/\/www.manzasushi.com.br\/sbc\/wp-content\/uploads\/2023\/06\/Logo-Manza.png","contentUrl":"http:\/\/www.manzasushi.com.br\/sbc\/wp-content\/uploads\/2023\/06\/Logo-Manza.png","width":2596,"height":654,"caption":"Manza Sushi"},"image":{"@id":"http:\/\/www.manzasushi.com.br\/sbc\/#\/schema\/logo\/image\/"},"sameAs":["https:\/\/www.facebook.com\/manzasushibar","https:\/\/www.instagram.com\/manzasushibar\/"]}]}},"_links":{"self":[{"href":"http:\/\/www.manzasushi.com.br\/sbc\/wp-json\/wp\/v2\/pages\/14178","targetHints":{"allow":["GET"]}}],"collection":[{"href":"http:\/\/www.manzasushi.com.br\/sbc\/wp-json\/wp\/v2\/pages"}],"about":[{"href":"http:\/\/www.manzasushi.com.br\/sbc\/wp-json\/wp\/v2\/types\/page"}],"author":[{"embeddable":true,"href":"http:\/\/www.manzasushi.com.br\/sbc\/wp-json\/wp\/v2\/users\/1"}],"replies":[{"embeddable":true,"href":"http:\/\/www.manzasushi.com.br\/sbc\/wp-json\/wp\/v2\/comments?post=14178"}],"version-history":[{"count":25,"href":"http:\/\/www.manzasushi.com.br\/sbc\/wp-json\/wp\/v2\/pages\/14178\/revisions"}],"predecessor-version":[{"id":15181,"href":"http:\/\/www.manzasushi.com.br\/sbc\/wp-json\/wp\/v2\/pages\/14178\/revisions\/15181"}],"wp:attachment":[{"href":"http:\/\/www.manzasushi.com.br\/sbc\/wp-json\/wp\/v2\/media?parent=14178"}],"curies":[{"name":"wp","href":"https:\/\/api.w.org\/{rel}","templated":true}]}}